+ 4*w**2 - 7*w - 4. Calculate the remainder when 200 is divided by d(-5).
2
Let z be (67 - 2*(-4)/(-8)) + 2. Let p = z - 50. Calculate the remainder when p is divided by 11.
7
Let w(g) = g**2 + 10*g - 8. Let c be w(-9). Let j = 7 - c. What is the remainder when 94 is divided by j?
22
Let c(g) = -g**3 + 7*g**2 - 6*g + 3. Let v be c(6). Let r(n) = -39*n + 55. What is the remainder when 140/v - 1/(-3) is divided by r(1)?
15
Suppose 2*q = 6*q - 16. Let d be 1528/9 - q/(-18). Suppose -145 = -5*a + 2*s, -3*s = -2*a + 7*a - d. Calculate the remainder when 92 is divided by a.
30
Let h(d) = 4*d - 28. Let t be h(7). Calculate the remainder when 24 is divided by 2/(-1) + t + 11.
6
Suppose -4*r + 11 + 5 = 0. What is the remainder when r is divided by 18/108 + (-5)/(-6)?
0
Let v be (-6)/(-9)*45/2. Suppose 0 = 5*q - g - 114, q - v = -g + 9. What is the remainder when q is divided by 1/(-1) + 0 + 13?
11
Let w = -83 + 86. Suppose 0 = -4*p - w*l + 71, 0 = 5*p - 3*l - 23 - 32. What is the remainder when 26 is divided by p?
12
Let p = 126 - 54. Let g = p + -24. Calculate the remainder when g is divided by 27.
21
Let d(z) = -2*z - 4. Let k be d(-4). Suppose 8 = -2*u, 4*q - k*u = -u + 288. Suppose 61*r - 42*r - 228 = 0. Calculate the remainder when q is divided by r.
9
Suppose y = 4*y - 165. Suppose y = 6*b - b. What is the remainder when 64 is divided by b?
9
Suppose -6*a + 236 - 86 = 0. Suppose 2*x - x = -5*q + 37, -q + 3*x = -1. What is the remainder when a is divided by q?
4
Suppose -5*x + 103 + 5 = c, 0 = -x - 2*c + 27. Suppose -j + 30 = 4*j. Calculate the remainder when x is divided by j.
3
What is the remainder when 29 is divided by (-1652)/(-98) + 1 + (-39)/21?
13
Suppose 2*h - 6*h - 5*q = 140, 2*h = 5*q - 100. Let a = h - -67. What is the remainder when a is divided by 7?
6
What is the remainder when 196 is divided by (42/(-35))/((-3)/100)?
36
Suppose 500 = -3*u + 23*u. What is the remainder when 121 is divided by u?
21
What is the remainder when 148 is divided by ((-75)/(-12))/5*20?
23
Let f(n) = n**3 + 9*n**2 - 58*n - 28. What is the remainder when f(-12) is divided by 26?
2
Let w be (-3)/(-6) - (-3)/2. Let l be ((-2 + -8)/(-1))/w. Suppose l*d + 5*a = 125, 3 = -5*a + 4*a. Calculate the remainder when 55 is divided by d.
27
Suppose 0 = -7*t - 2*t + 945. Suppose 9*k - t = 84. Calculate the remainder when k is divided by 12.
9
Let y be ((-28)/(-21))/((-2)/(-60)). Suppose 9*q = q + y. Calculate the remainder when 77 is divided by q.
2
Let p(h) = -h - 7. Let w(t) = -t - 20. Let l be w(-9). Let s be p(l). Let q = 14 - s. What is the remainder when q is divided by 3?
1
Suppose 16*u = 88 + 40. What is the remainder when 25 is divided by u?
1
Let l = 16 - 24. Let y = 1 - l. Calculate the remainder when 25 is divided by y.
7
Suppose -4*h - 329 = -1657. Calculate the remainder when h is divided by 96.
44
Suppose 2*k = 28 - 24, -3*y - 5*k = -118. Calculate the remainder when 104 is divided by y.
32
Suppose 2*q = a + 54, -3 + 45 = 2*q + 5*a. Calculate the remainder when q is divided by 15.
11
Let v = -1750 + 2092. Calculate the remainder when v is divided by 39.
30
Suppose 2*h - 4 = 4. Suppose -h*b = -3*b. Suppose 0 = -2*s - s - 4*p + 54, 2*p - 6 = b. Calculate the remainder when 40 is divided by s.
12
Let x(q) = -q**3 + 5*q**2 - 2*q + 22. Calculate the remainder when 33 is divided by x(5).
9
Suppose 2*f - 21 = -5*g, 3*f + g = -f + 33. Let k = -286 + 307. What is the remainder when k is divided by f?
5
Let m(c) = 2*c**2 - 88*c + 200. Calculate the remainder when 37 is divided by m(42).
5
Calculate the remainder when 412 is divided by (144/10)/((-52)/(-390)).
88
Calculate the remainder when 2312 is divided by 340/25 + 21/(-35).
11
Let w(y) = y**3 + 25*y**2 - 2*y - 50. Let c be w(-25). Suppose 0 = -b - 4*q + 26, -4*b + 9*b + q - 111 = c. Calculate the remainder when b is divided by 3.
1
Let x(h) = 9*h**2 - 1. Let c be x(-1). Let l be ((-2)/(-6))/(c/1752). Let v = l + -31. What is the remainder when v is divided by 11?
9
Let z = -7 + 10. Let i = -128 + 205. What is the remainder when i is divided by (-1)/3 - (-79)/z?
25
Let z be (14 - -1)*42/35. Let p = 28 - z. Calculate the remainder when 29 is divided by p.
9
Suppose 4*n = 4*w - 308, 2*w - 2*n - 158 = 2*n. Suppose -2*p = -m - w, 0 = 3*p + 2*p + 2*m - 183. What is the remainder when p is divided by 14?
9
Suppose 4*o = k, 0 = 5*k + 3*o + 2*o. Suppose -2 = -2*m + 4. Suppose -4*p + z + 2 = 0, -2*p - m*z + 8 = -k*p. What is the remainder when 1 is divided by p?
0
Suppose -2*u = 5*j - 31, 50 = 4*u + 8*j - 10*j. Calculate the remainder when 621 is divided by u.
10
Let d be -21*4/(-6) - 2. Let g = -13 + d. What is the remainder when 11 is divided by (-2)/(-1) - 1/g?
2
Let z(b) = -100*b - 39. What is the remainder when z(-2) is divided by 15?
11
Suppose 6 = 3*m - 4*o, 5*m - 3*o - 10 = -o. Suppose f = -6 + m, 5*f = 2*v - 48. Let h(a) = -a**2 - 17*a + 8. What is the remainder when h(-16) is divided by v?
10
Suppose -2*u + 12416 = 14*u. Calculate the remainder when u is divided by 21.
20
Suppose -40 = -178*g + 173*g. What is the remainder when 134 is divided by g?
6
Let g be -1 - (4 - 2 - 5). Suppose i - j - 31 = j, -4*i + 154 = g*j. Let b = i + -22. Calculate the remainder when 43 is divided by b.
13
Suppose 4*u + 12 = 0, -5*u - 8 = 3*w - 41. Let g be (14/21)/((-3)/(-45)). Let x = g + -4. What is the remainder when w is divided by x?
4
Let y(r) = -4*r + 1. Let b be y(-12). What is the remainder when (-1746)/(-14) + 14/b is divided by 18?
17
Suppose -470*j + 479*j - 585 = 0. Calculate the remainder when j is divided by 28.
9
Let k(l) = -6*l - 61. Let p(j) = j - 18. Let y(z) = z - 19. Let x(a) = -7*p(a) + 6*y(a). Calculate the remainder when k(-18) is divided by x(0).
11
Calculate the remainder when 57/24*14 + (-9)/36 is divided by 32.
1
Suppose 4*r - 283 = 3*i, r - 4 = -i + 72. Suppose -4*s - 3*k = -0*k + r, -s - k = 19. Let l = 19 + s. Calculate the remainder when 7 is divided by l.
1
Suppose 0*i - 240 = 2*i. Let j be i/65 - (-2)/(-13). Let t = 11 + j. What is the remainder when t is divided by 4?
1
Let m(o) = o**3 + 9*o**2 + 4*o + 7. Let f be m(-9). Let a = -28 - f. Let k(v) = 7*v**3. What is the remainder when k(a) is divided by 4?
3
Suppose -6*r = -q - 3*r - 264, 2*r = -5*q - 1371. What is the remainder when 15/(-60) + (0 - q/4) is divided by 10?
8
Suppose -j = 2*j - j. Calculate the remainder when (53/(-2) - j)/(13/(-26)) is divided by 28.
25
Let v = -146 - -138. Let x = 320 + v. What is the remainder when x is divided by 63?
60
Suppose 58 = -2*s + 156. What is the remainder when 291 is divided by s?
46
Calculate the remainder when 195 is divided by -5 + -8*(-81)/12.
48
Let x = 2 - -4. Suppose 0 = -q - x + 85. Calculate the remainder when q is divided by 16.
15
Let p(g) = 2*g**3 + 21*g**2 + 7*g + 9. Calculate the remainder when 75 is divided by p(-10).
36
Suppose -90 = 18*o - 252. Suppose 14*m = o*m + 260. What is the remainder when 202 is divided by m?
46
Let w be ((-1216)/(-10))/(-2) + (-32)/(-40). What is the remainder when (-2)/(-7) - 453/(-7) is divided by 51*-4*5/w?
14
Suppose -2*s + s = -39. Let t be 20/4*(-140)/25. Let m = s + t. What is the remainder when 20 is divided by m?
9
Let d = -2 + 26. Suppose d + 401 = 17*n. Calculate the remainder when n is divided by 7.
4
Suppose -3*u - q + 14 = -0*u, 0 = q - 2. Suppose 4*h + 2*x - x - 26 = 0, 3*x - 6 = 0. What is the remainder when h/2 + u + -2 is divided by 2?
1
Let a(t) = 6*t + 262. Calculate the remainder when 575 is divided by a(-38).
31
Let z = 5 + 1. Suppose 5*s - 2*u - 133 = 0, z*u = s + 2*u - 23. Calculate the remainder when s is divided by 11.
5
Let t be (-12)/(1 - -3) + -5. Let x = t - -14. What is the remainder when x is divided by 4?
2
Let o(h) = 21*h - 337. What is the remainder when o(32) is divided by 34?
29
What is the remainder when (-7 + -4 + 4)*-4 is divided by 18?
10
Let t(f) = -f**2 - 10*f. Let u be t(-10). Suppose b + 3 = -2*j + 6*b, 4*b = -j + 31. Calculate the remainder when 3 + 44 + u - 4 is divided by j.
10
Let z(t) = t**2 + 48*t + 270. What is the remainder when z(-46) is divided by 46?
40
Suppose 16 = 4*r, 3*f = -f + 2*r + 144. Let m = f + -22. Suppose 4*d = -5*x + 36, -d + 10 - 1 = 3*x. Calculate the remainder when m is divided by d.
7
